ne u(c).
1
Let l(z) = -8*z**2 - 22*z + 9 + 68 - 71 + z**3. What is l(10)?
-14
Suppose -4*r - 29 = -l - 10, 2*r + 5 = 5*l. Let x(v) = -v**3 - 4*v**2 + 6*v + 5. What is x(r)?
0
Let z(i) be the third derivative of i**5/60 + 19*i**4/12 + 53*i**3/3 + 744*i**2. Calculate z(-35).
1
Let l be -3*(120/(-9))/10. Let y(j) = -j**3 + 3*j**2 + 8*j + 5. Calculate y(l).
21
Let v(o) = o**2 + 2*o - 2. Let p be v(2). Let z(h) = -h**2 - h - 4. Let l(n) = n**2 + 3*n + 5. Let m(r) = 4*l(r) + 5*z(r). Calculate m(p).
6
Let n(u) be the third derivative of 0 - 5/24*u**4 + 0*u - 17*u**2 - 2/3*u**3 + 1/60*u**5. Calculate n(6).
2
Let a(v) = -v**3 + 3*v**2 + 3*v + 1. Let x(y) = -13*y - 1. Let q be x(-1). Let b be (q/(-18) + 2)/((-1)/(-3)). What is a(b)?
-3
Let k(w) = -12*w**2 - 5 - w + 5. Let l be 3/(-6)*-3*6/9. Give k(l).
-13
Suppose 4*m = m + 3. Suppose 0 = -5*z - m + 11. Let s(h) = 2 + 0 + 2*h + h - 3*h**z + 4*h**2. What is s(-5)?
12
Let r be (6/30)/(-2 + 168/75). Let y(j) be the second derivative of 1/12*j**4 + r*j**3 + j**2 + 0 + 7*j. Give y(-3).
-4
Let n(r) = r**3 - 2*r**2 + 3*r - 1. Let h be -2*22/(-12)*-3. Let o be ((-2)/h)/((-2)/(-22)). Give n(o).
5
Let v be 1 - 0 - (-30 + 17). Suppose 2*x = -o - 4, -5*o + 3*x = 6 + v. Let n(c) = 2*c + 6. Calculate n(o).
-2
Let d(m) be the second derivative of -m**3/6 - 11*m**2/2 + 24*m. Let s be (-9)/3*(-1 + (-11)/(-3)). Calculate d(s).
-3
Suppose -3*i = 3*s - 21, 3*i = -1 + 10. Let n(u) = u**3 - 3*u**2 - 3*u + 2. Calculate n(s).
6
Suppose k + k = 6. Let q(s) = 8 + 8*s**2 - 11*s - s**k + 2*s + 0*s**2. Determine q(7).
-6
Let n(c) = 23*c**2 - 19 + 23*c**2 + 12*c - 47*c**2. Give n(11).
-8
Let l(m) = -3*m. Let s(p) = 10*p - 2. Let j(c) = -2*l(c) - s(c). Suppose 4 = 4*w - 4. Calculate j(w).
-6
Suppose -298 - 54 = -11*p. Suppose 7*c + c = -p. Let g(o) = 2*o**2 + 4*o**3 - 3*o**3 + 2*o**2 + 1. What is g(c)?
1
Let j(s) = 4*s**2 + 31*s - 3. Let r be j(-8). Let f(d) = -r*d - 6*d + 10*d. Let v = 17 + -12. Give f(v).
-5
Let o be 3/(-3*3/(-6)). Let c(t) = 22*t**o - 2*t - 11*t**2 - 10*t**2 - 1. What is c(-2)?
7
Let g be 3 - 0/(4 - 5). Let w be 5*g*(-27)/(-45). Let p(v) = 2*v - 4. Determine p(w).
14
Let q(y) be the third derivative of y**8/1680 + y**7/2520 + y**6/720 + 5*y**4/12 - 5*y**2. Let k(u) be the second derivative of q(u). Give k(-1).
-4
Let g(m) = -3*m + 6. Suppose -3*n + 6 = 0, -n - 14 = -2*j - 0*j. What is g(j)?
-18
Let w = -23 - -29. Let o be 4 + 9/((-27)/w). Let d(u) = -u**o - 5*u + 6*u - 3 + 5*u + u. What is d(5)?
7
Let p(g) = -g**3 + 8*g**2 - 7*g - 7. Let q(r) = 3*r + 26. Let d be q(-9). Let k be (4 - 7)/3 - d - -7. Give p(k).
-7
Let w be (-9)/(-45) + 104/5. Let g be 14/w + (-12)/(-9). Let z(y) = y**3 - 5*y**2 + 2*y + 1. What is z(g)?
-7
Let s = -11/3 + 5. Let f(j) be the first derivative of 1/4*j**4 + 7*j - 5/2*j**2 + s*j**3 + 5. Give f(-5).
7
Suppose -8*j + 6*j + 2 = -v, 0 = -3*j + 5*v + 17. Suppose -1 = -d + 1. Let y(u) = -2*u - 7*u**3 - u**2 - u**d + 4*u - 3*u. Calculate y(j).
6
Let t(d) be the third derivative of -d**4/8 + 2*d**3/3 + 45*d**2 - d. Calculate t(-1).
7
Suppose -18 = -7*n + 10. Let l(h) = h**3 - 4*h - 4. Give l(n).
44
Let b(c) = -160*c + 159*c + 14 + c**2 - 2*c**2. Calculate b(-4).
2
Suppose -4*h - 2 = 5*i, 3*i = -0*i - 2*h. Let f be -2*3/(-3) - 0. Let g(o) = 3 - 4 + f - 4*o. Give g(i).
-7
Let f(o) = o**3 - o**2 - 4*o. Let k be f(4). Suppose 4*g - k = -8. Let c(m) = -4 + 2*m**3 + 12 - 6*m**2 - m**3 - 2*m. Determine c(g).
-4
Let n be (1628/(-66))/((-4)/(-3) - 1). Let x = -70 - n. Let r(o) = o - 9. Determine r(x).
-5
Suppose -37 = -6*v - 13. Let y(p) be the third derivative of -p**4/6 + 5*p**3/6 + 3*p**2. Let b(f) = 8*f - 10. Let x(h) = v*b(h) + 9*y(h). What is x(4)?
-11
Let j(h) = -6*h**3 + 41*h**2 + 6*h - 11. Let u(r) = -r**3 + 8*r**2 + r - 2. Let x(v) = 2*j(v) - 11*u(v). Calculate x(-6).
-6
Let g(o) = 3*o**3 + 6*o**2 + 18*o - 3. Let p(k) = k**3 + 5*k - 1. Let j(i) = g(i) - 5*p(i). Give j(3).
-19
Let y(o) = o**3 - 8*o**2 + 7. Let n be 19/2 + (-195)/130. Determine y(n).
7
Let z(k) = 160*k**2 - 4*k - 163*k**2 - k**3 - 3 - 4. Give z(-3).
5
Let s(n) be the third derivative of -n**5/30 + n**4/6 + n**3/3 + 2*n**2 - 8. Give s(3).
-4
Suppose 29*i - 26*i - 15 = 0. Let s(x) = x - 5. Give s(i).
0
Suppose -2 = -0*r - r. Suppose -2*p - 5 = a, -2*a - r = 4*p - 2*p. Let g(v) = v + 2. Determine g(p).
-2
Let z = 459 - 446. Let r(g) = g**2 - 11*g - 32. Determine r(z).
-6
Let z(q) = 3*q**3 - q**2 + 3*q - 2. Suppose 11 = 3*v - 4*k, 3*v + 1 = -2*k - 0. Give z(v).
3
Let t(s) = -9*s - 1. Let y be t(-1). Let b = -2 + y. Let w(c) = b*c - 7 + 1 - 5*c. Calculate w(6).
0
Let j(u) = u**3 + 5*u**2 - 4. Let l = -1143 + 1138. What is j(l)?
-4
Let d(j) = -39 - 3*j**2 + 4*j**2 + 0*j**2 + 38 - 4*j. Determine d(6).
11
Let b(c) = c - 12. Let y be 0/((1 + 0)*(1 - 3)). Let r be (-27)/(15/(-5)) + y/2. Give b(r).
-3
Let s = 6 - 6. Let y(d) = 3*d**2 - 2*d - 2*d + 3 + 0*d + s. Let i(x) = -x**2 - 31*x + 68. Let t be i(-33). What is y(t)?
7
Let s(t) = -t**3 - t**2 + 3*t + 3. Let z = -272 - -269. Give s(z).
12
Let f(g) = -g**3 + 3*g**2 + 2*g - 2. Let z(n) = 2*n - 34. Let h be z(18). Let w = h - -2. Determine f(w).
-10
Let p(r) = 5*r**2 + 5*r + 14. Let u = -94 - -95. Let v(s) = s**2 - s + 1. Let y(k) = u*p(k) - 4*v(k). Calculate y(-7).
-4
Suppose -2*o = 3*y + 2, -2*o - 1 = 1. Suppose -6*d + 5*d + 3 = y. Suppose 30 = -d*h - 4*k, h - 7*k = -2*k + 9. Let z(x) = -x**2 - 7*x - 2. Give z(h).
4
Let p be 6/27 + (-34)/(-9). Let b(m) = m**2 + 0*m**2 + m - 5*m - p. Let v = -64 - -69. Give b(v).
1
Let b(j) = j**2 - 4*j + 7. Let s = 5 + -6. Let d(t) = t**2 + t - 1. Let o(h) = s*b(h) - d(h). Let v(w) be the first derivative of o(w). Give v(2).
-5
Suppose -15 = -2*a + 7. Let c(t) be the second derivative of t**3/6 - 15*t**2/2 - 9*t - 19. Determine c(a).
-4
Let g(i) be the third derivative of 0 - 13*i**2 + 1/60*i**5 + 0*i + i**3 - 1/4*i**4. What is g(5)?
1
Let f(m) = m**2 + 7*m + 3. Let n(t) = t**2 + 12*t - 12. Let q be n(-6). Let o be -3*4/q*4. Suppose b + 4 = o. Determine f(b).
-9
Suppose 0 + 10 = 5*j - 4*r, 2*j - 4*r - 16 = 0. Let g be j/(-4)*(34 - 16). Let y be (-21)/(-9) + 6/g. Let p(b) = b**3 - 2*b**2 - 4*b. Determine p(y).
-3
Let d(k) be the third derivative of -k**4/24 - k**3/2 + 2*k**2 + 696. Suppose -p - 2*p = o - 15, 0 = 3*o + 5*p - 29. Give d(o).
-6
Let c(k) = 9*k**2 - 6*k - 1. Let j(f) = 12*f - 8*f**2 - 12*f + 5*f + 1. Let y(o) = -4*c(o) - 5*j(o). Calculate y(2).
13
Let x(m) = -m**3 + 3*m**2 - m - 4. Let n be x(3). Let g(f) be the third derivative of f**4/12 + 2*f**3/3 - 18*f**2. Calculate g(n).
-10
Let u(h) = 4 - h**3 - h**2 - 3 + 9*h + 3*h - 14*h. What is u(0)?
1
Let q(k) = 2*k**2 + 13*k + 3. Suppose -4*u = u + 30. Let z be q(u). Let y(o) = -2*o. What is y(z)?
6
Let r = 29 + -16. Let z = r + -12. Let k be z/4 + (-1)/4. Let d(q) = -q + 1. What is d(k)?
1
Let y(d) = -3*d + 8. Let a = -748 + 740. Calculate y(a).
32
Suppose 3*q - 224 = -29*q. Let x(o) = -o**3 + 6*o**2 + 7*o + 4. Calculate x(q).
4
Let o(s) be the third derivative of s**7/840 - s**6/90 - s**5/60 + s**4/24 - s**3 + 9*s**2. Let q(w) be the first derivative of o(w). What is q(4)?
-7
Let w = 16 + -10. Suppose 2*q = -3*a + 2, w*q - q + 16 = 3*a. Suppose y = -0*y - a. Let o(g) = 2*g**2 + 2*g. What is o(y)?
4
Suppose 12 = 4*t + c - 3*c, -4*c = -4*t + 12. Suppose 3 = y + 5*g, -2*g = -5*y - t + 18. Let a(p) = -8 + 5 - 1 - y*p. Calculate a(-3).
5
Let z(t) = 5*t + 33. Let a(f) = 6. Let q(i) = 4*a(i) - z(i). Determine q(-8).
31
Let s(n) = -n**3 + n**2. Let m(h) = 3*h**3 + 6*h**2 - 10*h - 6. Let a(w) = m(w) + 2*s(w). Determine a(-9).
3
Let p be (-6 - (-44)/6) + (-51)/(-9). Let b(n) = -7*n**2 + 3 + 5*n**3 - 8 - 4*n**3. What is b(p)?
-5
Let m = 45 + -43. Suppose 2*y - x = 0, -16 = 2*y + m*x + x. Let o(d) = d + 2. Calculate o(y).
0
Let q(i) be the third derivative of i**6/60 + i**5/15 + i**4/6 + i**3/3 - 2*i**2. Let j(v) = 2*v - 15 + 37 - 18. Let a be j(-3). What is q(a)?
-6
Let n = 1 - 5. Let x(a) be the second derivative of -a**4/12 - a**3/6 + 3*a**2/2 + 15*a. Let h(q) be the first derivative of x(q). Calculate h(n).
7
Let y(t) = -3 - 4*t + 0 + t**2 - 3*t**2. Let p be (-65)/(-39)*(-6)/(-5). Suppose 7 = -p*c + 3. What is y(c)?
-3
Let j(t) = 2*t**3 - t. Let q(g) = -g + 2. Let n be q(0). Suppose 3*x = -4*p + n*p 